 when 141 is divided by d(-9)?
21
Let s(i) = 4*i**2 - 6*i - 4. Let x be s(-4). Let b = x - 44. Let j = -24 + b. Calculate the remainder when 31 is divided by j.
15
Suppose 0 = -4*j - 8, -5*h + 4*j = -561 - 492. Calculate the remainder when h is divided by 5.
4
Suppose -4*y + 13 = -11. Suppose -n + y + 7 = 0. Calculate the remainder when n is divided by 5.
3
Let q = 993 + -681. Calculate the remainder when q is divided by 20.
12
Let n(z) be the second derivative of -z**4/12 - 13*z**3/6 + z**2 + 4*z. Calculate the remainder when 68 is divided by n(-12).
12
Let m = 20 - 33. Let g(z) = -6*z - 12. What is the remainder when g(m) is divided by 17?
15
Let g = 210 + -109. Calculate the remainder when g is divided by 30.
11
Suppose i - l + 5*l = 52, 28 = i - 4*l. What is the remainder when 277 is divided by i?
37
Suppose 17 + 2 = k. Suppose -22*w + 1227 = 413. Calculate the remainder when w is divided by k.
18
Let t(f) = 14*f**2 + 28*f - 35. Let s(q) be the second derivative of -16*q**3/3 - q. Calculate the remainder when s(-1) is divided by t(-3).
4
Suppose -3*u + 30 = -36. Calculate the remainder when (-3)/6 + -2 + 537/6 is divided by u.
21
Suppose -22*m = -47*m - 48*m + 10001. Let c = 8 + 27. What is the remainder when m is divided by c?
32
Let o(d) = d**3 - 3*d**2 - 14*d + 1. Let u be o(6). Let g = -15 + u. Calculate the remainder when 25 is divided by g.
5
Let p(r) = r - 3*r - r. Suppose 0 = -4*h - x - 3 - 12, h + 4*x = -15. What is the remainder when 34 is divided by p(h)?
7
Suppose 41*b - 7992 = 4*b. What is the remainder when b is divided by 60?
36
Let l(q) = -2*q**2 + 40*q - 34. Calculate the remainder when 3 + 2 - 1*-1 is divided by l(19).
2
Let c(v) = -v**2 - 64*v - 457. Calculate the remainder when 183 is divided by c(-55).
31
Let z(o) = o**2 - 18*o + 14*o + 7 - o**3 + 8*o**2. Suppose -k + 10 + 5 = 2*g, k - 2*g + 1 = 0. Calculate the remainder when z(k) is divided by 26.
25
Let j = 41 + -38. Suppose c - 27 = j. What is the remainder when c is divided by 18?
12
Suppose 7*s - 11*s + 5*o + 84 = 0, -21 = -s - 5*o. What is the remainder when 221 is divided by s?
11
Let o = -98 + 98. Suppose o = -j - 2*n + 37, -31 = -2*j + n + 48. Calculate the remainder when 113 is divided by j.
35
Suppose 4*p - 7*p + 25 = 4*t, 0 = 2*p - 3*t - 45. Calculate the remainder when 2 - -20 - -2*1 is divided by p.
9
Suppose 8*t + 15*t - 92 = 0. Let g be 1 + (-3*52)/(-2). Suppose -t*p + g = 11. Calculate the remainder when p is divided by 9.
8
Let w = -1464 - -1530. What is the remainder when 723 is divided by w?
63
Suppose -4*k = -9*k - 4*z + 55, 0 = -k + 4*z + 11. Let s(g) = 3*g - 24. Let i(t) = t**2 + 8*t + 3. What is the remainder when s(k) is divided by i(-8)?
0
Suppose -5*t + 96 + 69 = 0. Calculate the remainder when t is divided by 15.
3
Let k(y) = -y**3 + 6*y**2 + 2*y - 12. Let t be k(6). Suppose 4*d - 3*b - 185 - 154 = t, 0 = -2*b + 6. Calculate the remainder when d is divided by 18.
15
Calculate the remainder when ((-38070)/(-117))/9 - 2/13 is divided by 10.
6
Suppose 2113*m = 2115*m - 538. What is the remainder when m is divided by 27?
26
Suppose 30*y = 2406 - 546. What is the remainder when 679 is divided by y?
59
Let p = 23 + -9. Suppose 0 = 3*d - 368 + p. Suppose 0 = 3*i - 144 + 54. What is the remainder when d is divided by i?
28
Let h(j) = -3*j + 3. Let c(f) = -f**3 + 6*f**2 + f - 3. Let g(t) = -t**2 + 7*t + 5. Let r be g(7). What is the remainder when c(r) is divided by h(-4)?
12
Suppose 0 = 3*z - d - 3, 2*z + 6 = -0*z - 2*d. Suppose z = 7*u - 4*u. What is the remainder when 38 is divided by -4 - -25 - u - 0?
17
Let a(f) = f**3 + 3*f**2 - 3*f + 4. Let b be a(-3). Let k = 20 - b. Calculate the remainder when 25 is divided by k.
4
Let s(p) = p**2 - 13*p - 14. What is the remainder when s(19) is divided by 22?
12
Let m be (-9)/(-4)*72/(-27). Let i = -108 - -122. Let x = i - m. Calculate the remainder when 77 is divided by x.
17
Let a(x) = -x**3 + 54*x**2 + 58*x - 148. Calculate the remainder when 82 is divided by a(55).
14
Let w(k) = -2*k**2 - 56*k + 11. What is the remainder when w(-24) is divided by 34?
33
Suppose -61 = -0*i - i. What is the remainder when i is divided by (25 - 9 - 3) + 3?
13
Let k be (1 + -1 - -2) + 2. Calculate the remainder when 20 is divided by k/14 + (-705)/(-105).
6
Suppose v - 2*t + 89 = 2*t, -4*t = -4*v - 296. Let c be 368/v + 2/(-3). Calculate the remainder when 57 is divided by (c/(-12))/(1/40).
17
Suppose 3*x + 0*x = 33. Let d = -343 - -374. Calculate the remainder when d is divided by x.
9
Let g = 711 - 646. What is the remainder when 132 is divided by g?
2
Suppose -4*o + 83 = x, -x + 4*o + 69 = -38. What is the remainder when x is divided by 80?
15
Let l(m) = -2*m**2 - 28 - 55*m**3 + 27 + 3*m**2. What is the remainder when l(-1) is divided by 14?
13
Let w = -2949 + 3021. What is the remainder when 161 is divided by w?
17
Calculate the remainder when (-644)/(-10) - (-4)/(-10) is divided by 34.
30
Let p(n) = n**2 + 40. Calculate the remainder when 171 is divided by p(7).
82
What is the remainder when -1 + ((-250)/(-4))/((-31)/(-62)) is divided by 66?
58
Let o = 4 + -11. Let y(h) = h**2 + 2*h - 12. Calculate the remainder when y(o) is divided by 13.
10
Suppose -3*w - 50 = -11. Let b = w - -50. What is the remainder when b is divided by 8*8/5 + 160/800?
11
Let d be 15/(-10) + 11/2. What is the remainder when 33 is divided by d - (-9 - (0 + -1))?
9
Suppose 29*g - 451 = 18*g. Calculate the remainder when (-630)/(-8) - (-2)/((-32)/(-4)) is divided by g.
38
Suppose -5*y + 59 = 2*z, 74 = 2*z - y + 3*y. Calculate the remainder when 50 is divided by z.
8
Let f(x) = 6*x**3 + x**2 + x + 16. What is the remainder when 107 is divided by f(0)?
11
Let t be (-40)/6 - 7/21. Let u = t + 0. What is the remainder when (-355)/u - 4/(-14) is divided by 26?
25
Let a(i) = 35*i**2 + 27*i - 54. What is the remainder when 275 is divided by a(2)?
135
Suppose -187*z = -193*z + 90. What is the remainder when 74 is divided by z?
14
Suppose 9*l - 7*l = -92. Let v = -25 - l. Calculate the remainder when 60 is divided by v.
18
Let n = -1272 + 1837. What is the remainder when n is divided by 79?
12
Let x(s) = 2*s**2 + 8*s + 3. Let y = -12 - -7. Let u(w) = 2*w + 5. Let d be u(y). Calculate the remainder when x(d) is divided by 5.
3
Calculate the remainder when 2207 is divided by ((-12)/11)/(9/(-132)).
15
Let n be (-16 + 13)/((-6)/4). Suppose n*o - 26 = 10. Calculate the remainder when (17/(-4))/(5/(-40)) is divided by o.
16
Suppose 11*a - 1853 - 1722 = 0. What is the remainder when a is divided by 67?
57
Let a = 125 - 22. Calculate the remainder when a is divided by (-9)/(27/(-6)) + 25.
22
Suppose 0 = -5*h - x + 17, 2 = -3*h + 5*x + 1. Suppose 4*k = 3*w - 21, -4*w + h = -3*k - 32. Calculate the remainder when 41 is divided by w.
8
Let y = 1817 + -1801. What is the remainder when y is divided by 5?
1
Let l(z) = 3*z + 8. Suppose 50 = -m + 6*m + 4*d, 2 = -3*m + 4*d. Let o be l(m). Suppose j - o = -j. What is the remainder when 36 is divided by j?
10
Let y(q) = q**2 + 10*q + 12. What is the remainder when 42 is divided by y(-11)?
19
Suppose -26*r - 3*r = -290. Calculate the remainder when 35 is divided by r.
5
Let l = 29 - 19. Let y(m) = 12*m**3 + 2*m**2 - 3*m. Let d be y(2). Suppose -n - d = -3*n. What is the remainder when n is divided by l?
9
Let f(i) = -2*i**2 - 12*i + 7. Let l = 31 + -37. Suppose 4*n - 98 + 18 = 0. Calculate the remainder when n is divided by f(l).
6
Let b = -60 + 227. What is the remainder when b is divided by 21?
20
Let z be (2 - 3)*(0 + 0). Let n be (z + 84)/4 + -2. Let w = 30 - n. What is the remainder when 21 is divided by w?
10
Let r = 107 - 52. Suppose 2179 = 10*h + 29. Calculate the remainder when h is divided by r.
50
Calculate the remainder when (-16040)/(-20) - (-5 + -1 + 3) is divided by 45.
40
Let c(m) be the first derivative of m**3/3 + 12*m**2 + 28*m - 39. What is the remainder when c(-24) is divided by 6?
4
Let n = -1 + 15. Suppose 4 + n = 3*a. Suppose 101 - 296 = -5*o. Calculate the remainder when o is divided by a.
3
Calculate the remainder when (-6 + 8)/(-1*2/(-88)) is divided by 18.
16
Suppose 0 = -4*g + g + 168. Let y(p) = -3*p + 2. Suppose -5*h = -h + 36. What is the remainder when g is divided by y(h)?
27
Let x = -79